9
What is the highest common factor of 2104 and 14?
2
What is the greatest common factor of 11 and 139238?
11
What is the greatest common factor of 299 and 2691?
299
Calculate the highest common factor of 403 and 6572.
31
Calculate the greatest common factor of 12 and 6674748.
12
Calculate the highest common divisor of 648 and 7368.
24
Calculate the greatest common divisor of 463724 and 4.
4
Calculate the greatest common factor of 119 and 76313.
17
What is the highest common divisor of 2 and 5801?
1
Calculate the greatest common divisor of 126474 and 79785.
591
What is the highest common divisor of 894 and 1897366?
298
What is the highest common factor of 32319 and 210?
21
Calculate the greatest common factor of 11 and 521.
1
Calculate the greatest common divisor of 134 and 419487.
67
What is the greatest common factor of 972 and 2288?
4
What is the highest common factor of 314227 and 4?
1
What is the highest common divisor of 28259 and 1232?
77
What is the greatest common divisor of 6273712 and 241?
241
Calculate the greatest common factor of 916 and 119767.
229
Calculate the greatest common divisor of 3927 and 5082.
231
Calculate the highest common divisor of 6 and 1195002.
6
What is the greatest common factor of 661959 and 18?
9
Calculate the highest common factor of 60 and 1361980.
20
What is the highest common factor of 28 and 138544?
28
What is the greatest common factor of 1155 and 535?
5
What is the highest common factor of 20925 and 13175?
775
What is the highest common factor of 1564021 and 181?
181
Calculate the highest common divisor of 78813 and 139.
139
What is the greatest common divisor of 24 and 8421456?
24
What is the highest common factor of 5056 and 1343?
79
Calculate the greatest common divisor of 131169 and 2001.
69
What is the highest common factor of 16 and 149610?
2
Calculate the greatest common divisor of 3 and 159630.
3
What is the highest common factor of 111 and 18759?
111
What is the highest common factor of 4380 and 30300?
60
Calculate the greatest common factor of 1548 and 30024.
36
What is the greatest common factor of 1142 and 178?
2
Calculate the highest common factor of 12 and 75216.
12
What is the highest common factor of 15 and 388635?
15
Calculate the highest common divisor of 71536 and 204.
68
What is the greatest common divisor of 20 and 535510?
10
Calculate the greatest common factor of 5739 and 9.
3
Calculate the highest common divisor of 31670 and 170.
10
Calculate the highest common divisor of 5812693 and 41.
41
Calculate the greatest common divisor of 237 and 85873.
79
Calculate the greatest common divisor of 84 and 5152.
28
What is the highest common factor of 3953 and 4757?
67
Calculate the highest common divisor of 136825 and 100.
25
Calculate the highest common divisor of 426 and 21442.
142
Calculate the greatest common divisor of 14856 and 276.
12
Calculate the highest common divisor of 76464 and 649.
59
What is the greatest common factor of 6541 and 66254?
211
Calculate the greatest common divisor of 120073 and 167.
167
What is the greatest common divisor of 119733 and 1926?
321
What is the highest common divisor of 1092 and 15036?
84
Calculate the highest common factor of 1350 and 633510.
90
Calculate the highest common divisor of 261813 and 6501.
591
What is the highest common divisor of 1550948 and 772?
772
What is the highest common factor of 6290 and 32640?
170
Calculate the highest common factor of 672 and 1974.
42
Calculate the highest common factor of 169 and 26.
13
Calculate the highest common factor of 8 and 31466.
2
Calculate the highest common factor of 3051 and 26781.
339
What is the greatest common divisor of 3160142 and 249?
83
What is the highest common factor of 786 and 264358?
262
What is the greatest common factor of 2101 and 51379?
191
Calculate the highest common divisor of 57424 and 163984.
592
Calculate the greatest common factor of 297 and 2547.
9
What is the highest common divisor of 40680 and 144188?
452
What is the highest common divisor of 7343 and 77?
7
Calculate the greatest common factor of 1631 and 65939.
233
What is the greatest common divisor of 14762 and 5566?
242
Calculate the highest common divisor of 3036 and 58236.
276
What is the highest common factor of 565 and 754501?
113
What is the highest common divisor of 129228 and 5940?
132
What is the greatest common factor of 86319 and 4347?
621
Calculate the highest common divisor of 6773 and 256853.
521
Calculate the greatest common factor of 214281 and 9.
9
Calculate the highest common divisor of 26880 and 3115.
35
Calculate the highest common factor of 5882 and 2635.
17
Calculate the highest common divisor of 1024 and 1004416.
128
What is the greatest common divisor of 9800 and 185416?
392
What is the highest common divisor of 9867 and 4043?
13
What is the greatest common factor of 210 and 6831510?
210
Calculate the greatest common factor of 37296 and 16272.
144
What is the highest common factor of 5320 and 12065?
95
Calculate the highest common divisor of 165159 and 324.
81
What is the highest common factor of 78 and 1953796?
26
What is the highest common factor of 699 and 48?
3
What is the highest common factor of 32 and 215776?
32
What is the greatest common divisor of 4260 and 210?
30
Calculate the highest common divisor of 83 and 2825486.
83
What is the highest common factor of 25631 and 3053?
71
What is the highest common factor of 30 and 102585?
15
Calculate the highest common factor of 39 and 10933.
13
Calculate the greatest common factor of 272 and 24160.
16
Calculate the highest common factor of 954 and 21094.
106
Calculate the highest common factor of 1222659 and 9.
9
Calculate the greatest common factor of 88 and 5324.
44
Calculate the greatest common divisor of 200 and 23335.
5
Calculate the greatest common divisor of 675 and 1300.
25
What is the greatest common divisor of 37468 and 1363?
29
What is the greatest common factor of 77 and 2008875?
11
Calculate the greatest common divisor of 421620 and 60.
60
What is the greatest common divisor of 34 and 372606?
34
Calculate the greatest common divisor of 1002334 and 4.
2
What is the highest common factor of 520 and 34255?
65
Calculate the highest common factor of 766537 and 217.
31
What is the highest common factor of 2975 and 140182?
119
Calculate the highest common divisor of 1561 and 350.
7
Calculate the highest common divisor of 207018 and 42.
42
Calculate the highest common factor of 24 and 15564.
12
What is the highest common divisor of 2420097 and 1557?
519
What is the greatest common divisor of 480 and 3507360?
480
Calculate the greatest common factor of 18939 and 2301.
177
Calculate the greatest common divisor of 19317 and 822.
411
Calculate the greatest common factor of 250 and 609875.
125
Calculate the highest common divisor of 983976 and 21.
21
Calculate the greatest common divisor of 922185 and 6003.
207
Calculate the greatest common divisor of 52 and 124228.
52
Calculate the greatest common divisor of 597 and 6487997.
199
Calculate the highest common factor of 11478 and 258.
6
What is the highest common factor of 13 and 76661?
13
What is the greatest common divisor of 111264 and 192?
96
Calculate the greatest common factor of 18887 and 121.
11
Calculate the highest common divisor of 159126 and 132.
66
What is the highest common factor of 56342 and 11426?
394
What is the highest common divisor of 4449005 and 1265?
1265
Calculate the highest common factor of 111 and 286861.
37
What is the highest common divisor of 354 and 18880?
118
What is the highest common factor of 830974 and 326?
326
What is the greatest common factor of 109 and 769213?
109
Calculate the highest common divisor of 683946 and 18.
18
Calculate the highest common factor of 130188 and 285.
57
Calculate the greatest common factor of 9197 and 51.
17
Calculate the highest common divisor of 1214 and 13703632.
1214
Calculate the highest common divisor of 28182 and 7392.
462
What is the highest common factor of 8 and 1027192?
8
What is the greatest common factor of 184628 and 404?
404
What is the greatest common divisor of 754 and 36366?
58
What is the greatest common divisor of 2163 and 833476?
721
Calculate the greatest common factor of 490897 and 121.
121
Calculate 